ose 4*s + c - 1884 = -49, -5*c = -4*s + 1841. Calculate the highest common factor of s and 144.
9
Suppose 0 = -2*b - 8, 4*f - 108*b + 112*b = 236. Calculate the greatest common divisor of f and 8253.
63
Let d be ((-24)/(-12))/(15346/(-3070) + 5)*4. What is the greatest common divisor of d and 40?
20
Let h = 5 - 1. Suppose h*u - 2*o - 82 = 0, 0*u + 25 = u - 5*o. Suppose 655*c - 7670 = -739*c + 20210. Calculate the greatest common factor of c and u.
20
Suppose 0 = 7*t - 2*t - 60. Suppose -2918*l + 2823*l + 35340 = 0. What is the highest common factor of l and t?
12
Suppose 15*f - 60 = 14*f. Suppose 6*g - f = -9*g. Let b be 3 + 4/(-1) + g. What is the greatest common factor of 1 and b?
1
Suppose 105*n + 3*j - 4684 = 101*n, -1160 = -n + 2*j. Calculate the highest common factor of n and 384.
16
Let r be 4 + (-76 - -71) + (-9)/(-1). What is the greatest common factor of r and 3960?
8
Suppose -54*a + 792 + 1965 = -861. Calculate the greatest common factor of a and 2.
1
Let w(t) = t**3 + 9*t**2 - 23*t - 34. Let l be w(-10). What is the highest common divisor of l and 1184?
32
Let g = 233 - 236. Let q be ((-1)/(g/114))/(-9 + 11). Let r = 37 + 134. Calculate the greatest common factor of q and r.
19
Let z = -2406 - -2415. Suppose 0*x = -x + 2. Let m be z - (-4 + x)*2. What is the greatest common divisor of m and 104?
13
Suppose 0*o + 2*o + 2*l = -318, -3*o - 469 = -l. Let t be 0 + 6 - 1 - o. Calculate the highest common divisor of 6 and t.
6
Suppose 661*x = 656*x + 3010. What is the greatest common factor of x and 688?
86
Let d(b) = 3*b**3 - b**2 + b - 2 - 2*b**2 - b**2 + 3*b. Let t be d(3). Let m = -31 + t. What is the highest common factor of 8 and m?
8
Let i be ((-60)/50)/((-9)/30). Suppose i = 2*s - 0*s. What is the highest common factor of 23 and s?
1
Suppose 3*t - 228 = 3*i + 87, -3*t + 4*i + 312 = 0. Calculate the greatest common factor of t and 708.
12
Let t(u) = -u**2 + 22*u + 18. Let b be t(22). Let p be b/2 + (3 - 3). What is the greatest common divisor of p and 2?
1
Suppose -2*n = p, -5*p - 2*n + 7 = n. Suppose -202 = -2*l + 4*c + 1686, -5*l = p*c - 4732. Calculate the greatest common divisor of 86 and l.
86
Let z(p) = -p**3 - 28*p**2 + 28*p - 23. Let k be z(-29). Let h be (-192 - -2)*2/(-5). What is the greatest common factor of k and h?
2
Suppose 0 = -k - 11*o + 6*o - 93, 5*k - 2*o + 384 = 0. Let b be (-2 + k/(-30))*-5*-3. Let m = -3 + 15. What is the highest common divisor of m and b?
3
Let w(k) = 9*k - 56. Let y be w(6). Let u be (18/y)/((-4)/44). Calculate the highest common factor of 22 and u.
11
Suppose 0 = u - 1, 4*h - 2944 = -8*u + 4*u. Calculate the greatest common factor of h and 585.
15
Suppose 3*v + 325 = 3*b - 4*b, 0 = b - 5. Let r = v - -120. Calculate the greatest common divisor of 160 and r.
10
Let c be 12/(-2 - (-16)/4) + 56. Suppose -3*k + 29 = -k + 5*j, 2*j - c = -5*k. What is the greatest common factor of k and 228?
12
Let t be 20*(2 - 3)*1. Let n be (-2010)/t - (-9)/6. Let x = -100 + n. What is the greatest common factor of 16 and x?
2
Let y(k) = -5*k - 80. Let b be y(21). Let d = b - -233. What is the highest common factor of 156 and d?
12
Suppose -2*f + 2 = f + 2*k, 4*f - 3*k = 14. Let z be (1 - 1) + (-3456)/(-16). Let m = z - 194. What is the highest common factor of f and m?
2
Let l = 1025 + -724. Let y = l - 286. Calculate the highest common divisor of 40 and y.
5
Suppose 3*n + 4 - 5 = 4*j, 0 = -2*n - j - 3. Let u be n + -2 - (1 + 125/(-5)). Suppose 18 = 5*s - 17. What is the highest common factor of s and u?
7
Let i(x) = -x**2 + 3*x + 19. Let u be i(0). Let n be ((-10)/(-6))/((-520)/(-312)). Calculate the highest common factor of n and u.
1
Let f = -32 + 30. Let x be ((-4)/2)/((f/(-4))/(-1)). Suppose z = 1 - 0, -4*z + 172 = x*k. Calculate the highest common factor of k and 28.
14
Suppose 2268 = 161*t - 140*t. What is the greatest common factor of t and 486?
54
Let k(c) = 210*c - 2883. Let l be k(14). Let a(j) = -11*j**3 - 3*j**2 + j - 1. Let n be a(-3). What is the greatest common factor of n and l?
19
Suppose 2*z - 48 = -2*z. Let c(l) = 5*l - 75. Let n be c(16). Suppose -5*k - 56 = -m - k, -n*m = 4*k - 232. What is the greatest common divisor of m and z?
12
Let t(x) = x**3 - 3*x**2 - 33*x + 36. Let u be t(8). What is the greatest common divisor of u and 34868?
92
Let j be 95/15 + 4/6. Let i be -2 + (-12)/(-18)*21. Suppose j*b - 30 = i. What is the greatest common factor of 36 and b?
6
Let b(a) = -6*a - 100. Let j be b(-18). Let r be ((-624)/10)/(j/(-20)). What is the highest common divisor of r and 572?
52
Let l be 22/(-55)*18*5. Let n = l - -41. Suppose 4*s - 32 = -3*f, -s - 5*f = -6*s + n. Calculate the greatest common divisor of 5 and s.
5
Let x(l) = l**3 + 5*l**2 + 45*l + 1960. Let g be x(0). Calculate the highest common factor of g and 60.
20
Suppose 31*q = 105 + 236. Suppose q*m - 510 - 106 = 0. Calculate the greatest common divisor of m and 88.
8
Let g be ((1/1)/2)/(59 + (-362341)/6142). Calculate the greatest common divisor of 12367 and g.
83
Suppose -4*z - 4*w + w = -31, -w = z - 8. Let r(l) = -l**3 - 3*l**2 - l + 22. Let k = -95 - -90. Let p be r(k). Calculate the highest common factor of z and p.
7
Let n(d) = d**3 + 33*d**2 - 3*d - 53. Let m be n(-33). Calculate the highest common divisor of 115 and m.
23
Suppose -13*s + 11*s - 108 = 0. Let q = s + 53. Let l be (-3)/(-3) + 2 + q/(-1). What is the greatest common divisor of l and 32?
4
Suppose 4*u - 3*r + 7 = 2*u, 0 = -4*u - 2*r + 10. Let z be 21/15 - u - (-492)/20. What is the greatest common factor of 225 and z?
25
Let k be 1/(17/(-5678))*(-39)/2. Calculate the highest common factor of k and 39.
39
Let w be 78/22 + 42/(-77). Suppose 4*i - 99 = -4*b + 61, w*i = -15. What is the highest common factor of b and 120?
15
Let m be (-1161)/(-15) - (-4)/(-10). Suppose 202*n + 225 = 199*n. Let g = n + m. Calculate the highest common divisor of 16 and g.
2
Suppose 1678 = r - 3*a, 3301 = 2*r - 0*r + 5*a. Let s be r - ((2 - -2) + -7). Calculate the highest common factor of 98 and s.
98
Suppose v + 3*u - 1242 = -1173, -3 = -3*u. What is the greatest common factor of 4125 and v?
33
Suppose 0 = 15*r - 1080 + 292 - 1687. Calculate the greatest common divisor of r and 385.
55
Suppose 0 = -28*v + 89 + 135. Let u be (-2 - 0)/(2/4). Let j = 20 - u. Calculate the greatest common divisor of j and v.
8
Let u(z) = 524*z**2 - 105*z + 106. Let g be u(1). Calculate the greatest common factor of g and 2975.
175
Suppose 0 = -f - 2*f + 108. Suppose 21*l + 54 = 24*l. Let m be (972/l)/(6 + -4). Calculate the greatest common factor of m and f.
9
Let c be (-10)/325*5 + 524/26. Calculate the highest common factor of 565 and c.
5
Let h be (-19 + 26 + 0)*20/14. Let q be 2/3 - (-20)/6. Suppose -2*f + 4*f + 3*v - 7 = 0, q*v - h = -3*f. What is the highest common factor of 18 and f?
2
Let r(h) be the second derivative of -h**5/20 + h**4/12 - h**3 + 23*h**2/2 - 11*h. Let s be r(0). Calculate the highest common divisor of 713 and s.
23
Suppose 15*f + 0*f - 168 = 7*f. What is the highest common factor of f and 18?
3
Let z = -8617 + 8637. What is the greatest common factor of 1255 and z?
5
Let d = -283 + 289. Suppose 2*p - 192 = 3*f, 2*p = -4*f + 6*f + 196. Calculate the highest common factor of p and d.
6
Let y = 5798 + -5756. Calculate the greatest common divisor of 24 and y.
6
Suppose 0 = -3*g + r + 516, -g + 5*r + 253 = 81. What is the highest common divisor of 1591 and g?
43
Suppose 3*k - 4*u + 4 - 30 = 0, 4*k - 4*u - 28 = 0. What is the highest common factor of 1654 and k?
2
Let a(k) = -9*k**3 - 11*k**2 - 6*k. Let n be a(-4). Let y = -179 + n. Calculate the highest common factor of y and 98.
49
Let i = -15561 - -15690. What is the highest common factor of i and 602?
43
Suppose -l + 22 = 5*p, -4*l + 66 = 5*p + 53. Let j be (-1)/4 - 8610/(-40). Calculate the highest common factor of j and p.
5
Let g = 14282 + -7873. What is the highest common divisor of 29 and g?
29
Suppose 0 = 5*d, 3*d - 8*d = 2*w + 346. Let n = w - -174. Let m be (-1)/4 + (-135)/(-12). Calculate the greatest common factor of n and m.
1
Suppose -3*b + 102 = 3. Let n = b - 24. Suppose 2*d + 26 = 4*c - 28, c + d = n. Calculate the highest common factor of c and 16.
4
Let s(z) = -5*z**2 + 2*z + 315. Let r be s(7). Calcula